 are the prime factors of 232390?
2, 5, 17, 1367
What are the prime factors of 303513?
3, 7, 97, 149
List the prime factors of 1484298.
2, 3, 27487
What are the prime factors of 7749562?
2, 61, 63521
What are the prime factors of 398826?
2, 3, 22157
List the prime factors of 1599512.
2, 23, 8693
List the prime factors of 602949.
3, 200983
List the prime factors of 6724773.
3, 11, 67927
List the prime factors of 4495813.
7, 101, 6359
List the prime factors of 70372.
2, 73, 241
List the prime factors of 231195.
3, 5, 15413
List the prime factors of 1747687.
31, 56377
List the prime factors of 157013.
157013
What are the prime factors of 494053?
7, 163, 433
What are the prime factors of 69825?
3, 5, 7, 19
What are the prime factors of 24692567?
223, 110729
List the prime factors of 194437.
127, 1531
What are the prime factors of 25207632?
2, 3, 23, 43, 59
List the prime factors of 888135.
3, 5, 59209
List the prime factors of 572377.
13, 44029
What are the prime factors of 4009928?
2, 13, 38557
List the prime factors of 8332127.
19, 438533
What are the prime factors of 20539?
19, 23, 47
What are the prime factors of 37090719?
3, 17, 149, 1627
List the prime factors of 97263.
3, 101, 107
List the prime factors of 375073.
157, 2389
What are the prime factors of 25407?
3, 941
List the prime factors of 8952603.
3, 11, 71, 3821
What are the prime factors of 100668?
2, 3, 8389
What are the prime factors of 2606708?
2, 13, 50129
List the prime factors of 13846318.
2, 1709, 4051
What are the prime factors of 3628465?
5, 73, 9941
List the prime factors of 3578.
2, 1789
List the prime factors of 879630.
2, 3, 5, 109, 269
List the prime factors of 369720.
2, 3, 5, 13, 79
What are the prime factors of 22858664?
2, 2857333
List the prime factors of 1419788.
2, 79, 4493
List the prime factors of 9850718.
2, 17, 289727
List the prime factors of 1740765.
3, 5, 13, 79, 113
What are the prime factors of 1737242?
2, 13, 109, 613
List the prime factors of 145116.
2, 3, 29, 139
List the prime factors of 840104.
2, 19, 5527
What are the prime factors of 6217723?
1777, 3499
List the prime factors of 568869.
3, 7, 103, 263
What are the prime factors of 3463754?
2, 7, 23, 31, 347
What are the prime factors of 2353887?
3, 87181
List the prime factors of 10667.
10667
List the prime factors of 207328.
2, 11, 19, 31
List the prime factors of 2341525.
5, 229, 409
List the prime factors of 1170872.
2, 146359
What are the prime factors of 30481264?
2, 11, 173189
What are the prime factors of 279639?
3, 10357
What are the prime factors of 167686?
2, 83843
List the prime factors of 104137.
11, 9467
List the prime factors of 323439.
3, 131, 823
List the prime factors of 3405012.
2, 3, 13, 23, 73
List the prime factors of 136589.
137, 997
List the prime factors of 647949.
3, 215983
List the prime factors of 1019983.
17, 59999
List the prime factors of 233272.
2, 13, 2243
What are the prime factors of 413372?
2, 17, 6079
List the prime factors of 593747.
7, 11, 701
List the prime factors of 3681711.
3, 11, 37189
What are the prime factors of 7588328?
2, 11, 53, 1627
What are the prime factors of 75740?
2, 5, 7, 541
List the prime factors of 5985516.
2, 3, 239, 2087
List the prime factors of 82548.
2, 3, 2293
What are the prime factors of 7540566?
2, 3, 11, 43, 2657
List the prime factors of 76344.
2, 3, 3181
What are the prime factors of 199192?
2, 7, 3557
List the prime factors of 1199904.
2, 3, 29, 431
List the prime factors of 2143846.
2, 19, 56417
List the prime factors of 354220.
2, 5, 89, 199
What are the prime factors of 64904?
2, 7, 19, 61
List the prime factors of 282113.
13, 21701
What are the prime factors of 3263557?
11, 296687
What are the prime factors of 5911?
23, 257
List the prime factors of 8256160.
2, 5, 11, 4691
List the prime factors of 106174.
2, 53087
What are the prime factors of 179859?
3, 167, 359
List the prime factors of 333220.
2, 5, 16661
List the prime factors of 103769.
103769
List the prime factors of 6242856.
2, 3, 467, 557
What are the prime factors of 1333933?
19, 70207
List the prime factors of 248500.
2, 5, 7, 71
What are the prime factors of 1729897?
13, 133069
List the prime factors of 5082424.
2, 19, 29, 1153
What are the prime factors of 100347?
3, 13, 31, 83
List the prime factors of 5452411.
19, 347, 827
What are the prime factors of 2293886?
2, 7, 89, 263
What are the prime factors of 8728587?
3, 7, 46183
What are the prime factors of 141149?
191, 739
What are the prime factors of 1127558?
2, 73, 7723
What are the prime factors of 1738767?
3, 83, 6983
List the prime factors of 4361850.
2, 3, 5, 359
What are the prime factors of 6995687?
17, 79, 5209
List the prime factors of 121048.
2, 15131
What are the prime factors of 146623?
19, 7717
List the prime factors of 91705.
5, 18341
List the prime factors of 1426423.
29, 101, 487
List the prime factors of 119036.
2, 29759
List the prime factors of 246583.
23, 71, 151
What are the prime factors of 3118515?
3, 5, 29, 67, 107
List the prime factors of 7867907.
1567, 5021
What are the prime factors of 486088?
2, 60761
List the prime factors of 1494302.
2, 211, 3541
List the prime factors of 163874.
2, 81937
List the prime factors of 531590.
2, 5, 17, 53, 59
List the prime factors of 2036957.
13, 17, 709
List the prime factors of 229160.
2, 5, 17, 337
List the prime factors of 1849955.
5, 369991
What are the prime factors of 6327736?
2, 790967
List the prime factors of 1959793.
11, 19, 9377
List the prime factors of 874462.
2, 509, 859
List the prime factors of 452426.
2, 13, 17401
List the prime factors of 248486.
2, 7, 17749
List the prime factors of 3805819.
3805819
What are the prime factors of 1860305?
5, 372061
What are the prime factors of 402995?
5, 80599
What are the prime factors of 523630?
2, 5, 52363
List the prime factors of 492122.
2, 241, 1021
List the prime factors of 24528079.
139, 176461
List the prime factors of 1651672.
2, 11, 137
What are the prime factors of 432275?
5, 17291
What are the prime factors of 316815?
3, 5, 21121
List the prime factors of 147667.
13, 37, 307
List the prime factors of 1977463.
19, 199, 523
List the prime factors of 704278.
2, 397, 887
What are the prime factors of 967962?
2, 3, 29, 5563
What are the prime factors of 257455?
5, 11, 31, 151
List the prime factors of 21469240.
2, 5, 13, 19, 41, 53
List the prime factors of 4481239.
7, 89, 7193
List the prime factors of 10897646.
2, 17, 197, 1627
List the prime factors of 310243.
310243
What are the prime factors of 3888346?
2, 7, 11, 3607
What are the prime factors of 2083244?
2, 29, 17959
List the prime factors of 6019905.
3, 5, 23, 17449
List the prime factors of 2556951.
3, 199, 4283
What are the prime factors of 67815?
3, 5, 11, 137
List the prime factors of 10135114.
2, 11, 37, 12451
List the prime factors of 29391725.
5, 11, 17, 6287
What are the prime factors of 407091?
3, 135697
List the prime factors of 15296798.
2, 11, 695309
List the prime factors of 550800.
2, 3, 5, 17
What are the prime factors of 377757?
3, 17, 823
What are the prime factors of 587320?
2, 5, 14683
List the prime factors of 2914269.
3, 127, 7649
What are the prime factors of 185062?
2, 17, 5443
List the prime factors of 15402705.
3, 5, 1026847
List the prime factors of 91914.
2, 3, 15319
List the prime factors of 3021679.
37, 81667
List the prime factors of 1174940.
2, 5, 13, 4519
What are the prime factors of 999771?
3, 151, 2207
What are the prime factors of 7727683?
2251, 3433
What are the prime factors of 1950929?
23, 271, 313
What are the prime factors of 9226236?
2, 3, 768853
List the prime factors of 3016919.
53, 56923
What are the prime factors of 8497360?
2, 5, 106217
What are the prime factors of 1683907?
37, 71, 641
What are the prime factors of 23941473?
3, 7980491
What are the prime factors of 29936069?
59, 67, 7573
What are the prime factors of 272225?
5, 10889
List the prime factors of 8006644.
2, 41, 48821
What are the prime factors of 13578527?
31, 438017
What are the prime factors of 202900?
2, 5, 2029
List the prime factors of 1561510.
2, 5, 156151
What are the prime factors of 851588?
2, 212897
What are the prime factors of 319843?
227, 1409
List the prime factors of 2987595.
3, 5, 13, 5107
What ar